.
15
Calculate the remainder when 4267 is divided by 427.
424
Calculate the remainder when 53016 is divided by 89.
61
What is the remainder when 284639 is divided by 11385?
14
What is the remainder when 37316 is divided by 362?
30
What is the remainder when 5747202 is divided by 1282?
1278
What is the remainder when 502 is divided by 227?
48
Calculate the remainder when 1376 is divided by 504.
368
What is the remainder when 20736 is divided by 10?
6
What is the remainder when 250014 is divided by 41653?
96
Calculate the remainder when 153610 is divided by 6.
4
Calculate the remainder when 54413 is divided by 534.
479
What is the remainder when 493329 is divided by 49?
46
Calculate the remainder when 20236 is divided by 36.
4
Calculate the remainder when 8877 is divided by 2489.
1410
Calculate the remainder when 12761 is divided by 6376.
9
Calculate the remainder when 160 is divided by 41.
37
Calculate the remainder when 2845 is divided by 171.
109
Calculate the remainder when 1122 is divided by 220.
22
What is the remainder when 37358 is divided by 40?
38
Calculate the remainder when 162293 is divided by 54049.
146
What is the remainder when 184469 is divided by 110?
109
What is the remainder when 13068 is divided by 1471?
1300
Calculate the remainder when 4933 is divided by 678.
187
What is the remainder when 265742 is divided by 16?
14
Calculate the remainder when 29704 is divided by 489.
364
Calculate the remainder when 22577 is divided by 77.
16
Calculate the remainder when 14805 is divided by 161.
154
What is the remainder when 508 is divided by 197?
114
Calculate the remainder when 1177 is divided by 400.
377
What is the remainder when 100408 is divided by 30?
28
Calculate the remainder when 95461 is divided by 95459.
2
What is the remainder when 13111 is divided by 220?
131
Calculate the remainder when 23239 is divided by 11534.
171
Calculate the remainder when 189893 is divided by 163.
161
Calculate the remainder when 88939 is divided by 8891.
29
Calculate the remainder when 172570 is divided by 73.
71
What is the remainder when 653451 is divided by 54451?
39
What is the remainder when 12645 is divided by 602?
3
Calculate the remainder when 20805 is divided by 126.
15
Calculate the remainder when 2438 is divided by 558.
206
What is the remainder when 7289 is divided by 7258?
31
Calculate the remainder when 1383 is divided by 44.
19
What is the remainder when 4159 is divided by 342?
55
Calculate the remainder when 17265 is divided by 2153.
41
Calculate the remainder when 2290 is divided by 27.
22
What is the remainder when 5548 is divided by 148?
72
Calculate the remainder when 8586 is divided by 952.
18
What is the remainder when 1415 is divided by 608?
199
Calculate the remainder when 8120 is divided by 79.
62
What is the remainder when 401758 is divided by 471?
466
What is the remainder when 3019 is divided by 3009?
10
Calculate the remainder when 118633 is divided by 13.
8
Calculate the remainder when 3457 is divided by 211.
81
Calculate the remainder when 4536 is divided by 229.
185
What is the remainder when 65447 is divided by 1454?
17
What is the remainder when 1857 is divided by 122?
27
Calculate the remainder when 25499 is divided by 490.
19
What is the remainder when 8958 is divided by 895?
8
What is the remainder when 3944 is divided by 36?
20
What is the remainder when 5047 is divided by 627?
31
Calculate the remainder when 26626417 is divided by 71.
68
What is the remainder when 13543 is divided by 2131?
757
What is the remainder when 1958 is divided by 329?
313
What is the remainder when 17138 is divided by 2443?
37
Calculate the remainder when 817 is divided by 589.
228
Calculate the remainder when 4281 is divided by 3465.
816
What is the remainder when 38710 is divided by 39?
22
Calculate the remainder when 155214 is divided by 79.
58
Calculate the remainder when 1111 is divided by 35.
26
What is the remainder when 30414 is divided by 15173?
68
Calculate the remainder when 20137 is divided by 492.
457
Calculate the remainder when 13712 is divided by 593.
73
Calculate the remainder when 51091 is divided by 10216.
11
What is the remainder when 26846 is divided by 53?
28
What is the remainder when 834715 is divided by 5?
0
Calculate the remainder when 2039572 is divided by 43.
39
What is the remainder when 181078 is divided by 24?
22
Calculate the remainder when 21200 is divided by 265.
0
Calculate the remainder when 11712 is divided by 210.
162
Calculate the remainder when 10121 is divided by 5058.
5
What is the remainder when 220 is divided by 107?
6
What is the remainder when 5033 is divided by 1561?
350
Calculate the remainder when 458143 is divided by 794.
5
Calculate the remainder when 1183461 is divided by 36.
33
Calculate the remainder when 13481764 is divided by 13.
10
Calculate the remainder when 223513 is divided by 27939.
1
What is the remainder when 231827 is divided by 1165?
1157
Calculate the remainder when 32439 is divided by 10803.
30
Calculate the remainder when 35044 is divided by 22.
20
Calculate the remainder when 7596 is divided by 1090.
1056
What is the remainder when 22464 is divided by 63?
36
Calculate the remainder when 10398033 is divided by 2129.
2126
What is the remainder when 22310 is divided by 50?
10
Calculate the remainder when 5470 is divided by 2733.
4
What is the remainder when 123895 is divided by 17691?
58
What is the remainder when 187643 is divided by 228?
227
Calculate the remainder when 53051 is divided by 4417.
47
What is the remainder when 33109 is divided by 154?
153
Calculate the remainder when 1030 is divided by 972.
58
Calculate the remainder when 146215 is divided by 296.
287
What is the remainder when 63955 is divided by 941?
908
Calculate the remainder when 24955 is divided by 177.
175
Calculate the remainder when 64382 is divided by 219.
215
What is the remainder when 3543 is divided by 6?
3
Calculate the remainder when 77705 is divided by 77.
12
What is the remainder when 158287 is divided by 21?
10
Calculate the remainder when 1123 is divided by 342.
97
What is the remainder when 33258 is divided by 196?
134
What is the remainder when 269 is divided by 35?
24
Calculate the remainder when 4266 is divided by 477.
450
Calculate the remainder when 3904 is divided by 231.
208
Calculate the remainder when 152998 is divided by 144.
70
Calculate the remainder when 85975 is divided by 9.
7
Calculate the remainder when 19287 is divided by 75.
12
Calculate the remainder when 1033623 is divided by 66.
63
What is the remainder when 45094 is divided by 50?
44
What is the remainder when 373449 is divided by 52?
37
What is the remainder when 584 is divided by 378?
206
Calculate the remainder when 2035 is divided by 675.
10
What is the remainder when 6775 is divided by 288?
151
Calculate the remainder when 9178 is divided by 110.
48
What is the remainder when 38879 is divided by 19432?
15
What is the remainder when 177664 is divided by 49?
39
Calculate the remainder when 147884 is divided by 36.
32
What is the remainder when 817682 is divided by 116?
114
Calculate the remainder when 342 is divided by 41.
14
Calculate the remainder when 26576 is divided by 1661.
0
What is the remainder when 7008 is divided by 26?
14
Calculate the remainder when 1844589 is divided by 83.
80
Calculate the remainder when 1080 is divided by 182.
170
What is the remainder when 14302 is divided by 73?
67
Calculate the remainder when 827050 is divided by 536.
2
What is the remainder when 1527 is divided by 464?
135
Calculate the remainder when 14362 is divided by 125.
112
What is the remainder when 2076 is divided by 35?
11
What is the remainder when 63265 is divided by 70?
55
Calculate the remainder when 81569 is divided by 15.
14
Calculate the remainder when 7129 is divided by 355.
29
Calculate the remainder when 103 is divided by 90.
13
What is the remainder when 400817 is divided by 10?
7
Calculate the remainder when 10755 is divided by 51.
45
Calculate the remainder when 15947 is divided by 3135.
272
Calculate the remainder when 15588 is divided by 319.
276
What is the remainder when 4457 is divided by 205?
152
What is the remainder when 1007154 is divided by 7?
1
Calculate the remainder when 3005 is 